te the greatest common divisor of 473136 and 423.
3
What is the greatest common divisor of 75850236 and 154?
154
Calculate the highest common divisor of 270 and 25683345.
135
Calculate the highest common divisor of 570262 and 825.
11
What is the greatest common divisor of 6452488 and 238?
14
Calculate the greatest common factor of 8032 and 2007498.
502
Calculate the greatest common factor of 8721 and 9698517.
153
Calculate the greatest common divisor of 6766230 and 4305.
615
What is the greatest common divisor of 3899302 and 5302?
22
Calculate the greatest common divisor of 624 and 149604.
156
What is the greatest common factor of 10572 and 169685886?
5286
What is the greatest common divisor of 5 and 6810835?
5
Calculate the highest common factor of 519662 and 7324564.
2054
What is the greatest common factor of 18601151 and 3886?
29
Calculate the greatest common divisor of 67078 and 28495954.
6098
Calculate the greatest common divisor of 356094 and 1082103.
813
What is the highest common factor of 2628626 and 3146?
286
What is the greatest common divisor of 480600 and 105111?
27
Calculate the highest common factor of 62910985 and 2594.
1297
What is the greatest common factor of 1075984 and 6448?
208
What is the greatest common factor of 125 and 34345?
5
What is the greatest common factor of 26 and 3461653?
13
What is the highest common divisor of 105033 and 1969251?
471
What is the greatest common factor of 6624 and 5484?
12
Calculate the highest common divisor of 26875 and 19387625.
5375
Calculate the highest common divisor of 28424638 and 66.
22
What is the greatest common divisor of 43245 and 463977?
279
What is the highest common factor of 1515332 and 59501?
299
What is the highest common factor of 175 and 91437745?
35
Calculate the highest common divisor of 612 and 11152068.
204
Calculate the highest common factor of 12699850 and 21854.
446
What is the greatest common factor of 2557852 and 109595?
953
What is the highest common factor of 5904 and 120457836?
1476
Calculate the highest common divisor of 20796577 and 1587.
529
What is the highest common divisor of 95662182 and 42?
42
What is the highest common divisor of 6420396 and 12?
12
Calculate the greatest common divisor of 51 and 243070947.
51
Calculate the greatest common factor of 11448276 and 20468.
476
What is the highest common factor of 1024151733 and 319?
319
Calculate the greatest common factor of 30 and 552437650.
10
Calculate the greatest common factor of 165643677 and 106623.
9693
Calculate the greatest common divisor of 328957470 and 45.
45
Calculate the highest common factor of 12079835 and 612065.
3755
What is the greatest common factor of 420 and 1060801140?
420
What is the greatest common divisor of 608580273 and 21?
21
Calculate the greatest common factor of 132 and 183234.
6
What is the highest common divisor of 14795887 and 145?
29
Calculate the greatest common factor of 665550 and 270300.
2550
Calculate the greatest common divisor of 28555061 and 62.
31
What is the greatest common factor of 499672 and 876?
4
What is the greatest common factor of 423820092 and 16866?
5622
What is the highest common factor of 1132 and 106983905?
283
What is the greatest common factor of 755112 and 20897466?
2586
Calculate the highest common factor of 2613314 and 550.
22
Calculate the greatest common divisor of 3583626 and 57.
3
What is the highest common factor of 84597 and 4655280?
489
Calculate the highest common divisor of 377466 and 338829.
159
What is the greatest common factor of 38925680 and 153520?
1520
Calculate the greatest common divisor of 1281 and 2615466.
21
Calculate the highest common divisor of 2188 and 14087438.
1094
Calculate the greatest common divisor of 35224 and 29427.
17
What is the greatest common factor of 123 and 20808443?
41
What is the greatest common divisor of 15595540 and 1645?
235
What is the greatest common divisor of 420806 and 574?
2
What is the highest common divisor of 1342521 and 301131?
513
What is the highest common divisor of 2570204 and 607936?
644
Calculate the greatest common factor of 336 and 369124.
28
What is the greatest common factor of 544 and 1851300?
68
Calculate the highest common divisor of 40803 and 265118.
203
What is the highest common divisor of 996993492 and 2244?
2244
Calculate the greatest common factor of 1201664 and 1446912.
512
What is the highest common factor of 2388 and 264396972?
2388
What is the highest common factor of 49593145 and 735?
245
What is the highest common factor of 945888 and 1081158?
1002
Calculate the greatest common divisor of 6747 and 193096891.
2249
Calculate the greatest common divisor of 239105 and 138040.
2465
What is the highest common factor of 239559 and 4653561?
5097
What is the highest common divisor of 170864 and 5288?
8
What is the highest common divisor of 163584 and 2619?
9
Calculate the highest common factor of 1027605 and 1065.
15
What is the highest common factor of 179 and 143848517?
179
What is the highest common divisor of 11147 and 1186339?
71
What is the greatest common factor of 1728757 and 831?
277
Calculate the highest common divisor of 16320 and 88710.
30
What is the highest common factor of 15087 and 84412?
47
What is the greatest common factor of 864772 and 656?
164
What is the highest common factor of 454 and 20946879?
227
What is the greatest common factor of 2040 and 363720?
120
What is the highest common divisor of 378 and 13151348?
14
What is the highest common divisor of 271432 and 287?
7
Calculate the greatest common factor of 2272 and 401540216.
568
What is the highest common factor of 657 and 5963297?
73
Calculate the highest common factor of 2018051 and 189.
7
What is the greatest common factor of 45225564 and 37398?
1626
Calculate the highest common divisor of 1560052 and 1292.
76
Calculate the highest common divisor of 13897 and 235703.
13
What is the greatest common divisor of 1803270 and 1030750?
2170
What is the highest common factor of 51 and 2087889?
51
What is the greatest common divisor of 3375801 and 3172?
793
What is the highest common divisor of 4640 and 2196576?
928
What is the highest common divisor of 1306688 and 17272?
136
What is the highest common divisor of 16960 and 609989720?
2120
What is the greatest common factor of 198450 and 587898?
162
Calculate the greatest common divisor of 198 and 270981.
9
Calculate the greatest common factor of 257239255 and 910.
455
What is the highest common divisor of 24619 and 1526?
7
Calculate the highest common divisor of 31250 and 3267350.
50
Calculate the greatest common factor of 2999660 and 180.
20
What is the greatest common factor of 15 and 92540415?
15
Calculate the highest common divisor of 10446 and 11817908.
3482
What is the highest common factor of 115911 and 179829?
477
What is the highest common factor of 662174 and 35494122?
7978
What is the greatest common divisor of 5614310 and 34?
2
Calculate the greatest common divisor of 11940 and 150720.
60
Calculate the greatest common factor of 26 and 7536633.
13
What is the greatest common divisor of 803910468 and 206?
206
What is the greatest common divisor of 17940 and 1240620?
1380
What is the greatest common factor of 13980 and 87940?
20
What is the greatest common divisor of 52896294 and 594?
594
Calculate the greatest common factor of 403 and 252551.
13
What is the greatest common factor of 2558 and 20380?
2
What is the highest common factor of 23382065 and 2261?
133
What is the greatest common factor of 80 and 11367410?
10
What is the highest common factor of 23616477 and 18?
9
What is the highest common factor of 214582520 and 2296?
328
Calculate the highest common divisor of 4508 and 41962396.
644
What is the highest common factor of 617155 and 4165?
245
What is the highest common factor of 385 and 1325335?
55
What is the highest common divisor of 4587315 and 5?
5
What is the greatest common factor of 205758322 and 805?
161
What is the greatest common factor of 3558042 and 11392?
178
What is the greatest common factor of 10450 and 127523?
11
Calculate the greatest common factor of 21562124 and 8.
4
What is the greatest common factor of 5008235 and 15?
5
What is the greatest common divisor of 41970 and 17950?
10
What is the greatest common 